*(-2)/(-40)) is divided by x?
19
Let z = 55 - 28. Suppose 3*d + f = -2*f + z, 0 = -3*d - 5*f + 23. What is the remainder when 41 is divided by d?
8
Suppose 6 = -4*y + 86. Let q = 15 + -27. Let l = 23 + q. What is the remainder when y is divided by l?
9
Let z = -3 + 28. Suppose -62 = -5*i + 113. What is the remainder when i is divided by 2/3 - z/(-3)?
8
Suppose -d + 2*d - 1 = 0. Suppose f - d = 1. Let u = f - 0. What is the remainder when 5 is divided by u?
1
Let x = -26 - -35. What is the remainder when 35 is divided by x?
8
Suppose 0 = -4*t + 5*o + 218, 4*o - 15 = 4*t - 231. Calculate the remainder when 207 is divided by t.
51
Let y(a) = -a**3 + 5*a**2 - a - 4. Let l = 13 + -10. What is the remainder when 42 is divided by y(l)?
9
Let y be -22 + 2/1 + -2. Let k = -8 - y. What is the remainder when (-1)/(-1 - (-52)/54) is divided by k?
13
Suppose -3*d = -8 - 46. Let n = -21 + 31. Calculate the remainder when d is divided by n.
8
Let i(c) = -c - 12. Suppose -7*u = -2*u + 45. Let r be i(u). Calculate the remainder when 7 is divided by 0 - r - (-1 + 1).
1
Let z(p) = p - 6. Let x be z(6). Suppose 3*s - 5*s + 26 = x. What is the remainder when 37 is divided by s?
11
Let p = -7 - -76. Let z = 131 - p. What is the remainder when z is divided by ((-70)/20)/((-1)/6)?
20
Let z(c) = -2*c + 3. Let k be z(-5). Let t = -7 + k. Let f = -4 + t. What is the remainder when f is divided by 1?
0
Let o = 34 - 12. Suppose -4*g = 8, -2*g = -b - 3*g + 4. Calculate the remainder when o is divided by b.
4
Let x = 38 + -23. What is the remainder when 29 is divided by x?
14
Let p = 15 - 7. What is the remainder when 31 is divided by p?
7
Calculate the remainder when 163 is divided by -2 + (2 - -2) + 31.
31
Let x(w) = w**2 + w + 24. Calculate the remainder when x(10) is divided by 35.
29
Let h(j) = 2*j - 2*j - 2*j + 4*j + 6. Let m(r) = -r**2 + 7*r + 3. What is the remainder when h(5) is divided by m(6)?
7
Let m(y) = -2*y - 5. Let w be m(-4). Suppose 0 = w*d - 21 + 9. Calculate the remainder when d is divided by 3.
1
Let v = -14 - -12. Let p(m) = m**2 - 1. Calculate the remainder when (-3 - v - -30) + -1 is divided by p(-4).
13
Let g be 66 + 2/((-2)/(-3)). Suppose -3*u + g - 12 = 0. What is the remainder when u is divided by 7?
5
Let b = -219 + 516. Suppose -o + 4*o - b = 0. What is the remainder when o is divided by 34?
31
Suppose 9 = -a - 2*a, l + 2*a = -6. What is the remainder when 17 - l - (2 + -2) is divided by 5?
2
Let g = -43 + 31. Let q = g + 21. Suppose -w = -4*w + 51. Calculate the remainder when w is divided by q.
8
Let p(o) = -o - 1. Let y be p(-5). Suppose c - 16 - 5 = 4*g, -2*c - g = -24. Suppose 0 = -i + c + y. Calculate the remainder when i is divided by 6.
5
Let d(n) = -4*n**3 + 2*n**2 - 2*n - 2. Let k = 4 + -1. Suppose -2*z = -k*z + 22. What is the remainder when d(-2) is divided by z?
20
Let a be ((-9)/(-6))/((-2)/(-4)). Suppose 0*s - s + 5*r = -3, s + a*r = 19. Calculate the remainder when s is divided by 5.
3
Let f(s) = -36*s - 1. Let k be f(-1). Suppose 4*y = -y + k. Let b = y - 4. What is the remainder when b is divided by 2?
1
Suppose -2*v = -20 + 8. What is the remainder when 16 is divided by v?
4
Suppose -6*n = -5*n - 3*k + 8, n + 3*k - 16 = 0. Suppose -2*g - 2*u - 11 = -5*g, -n = u. What is the remainder when 12 is divided by (0 - -5 - -1) + g?
5
Suppose -3*i = -3*x + 30, x - i = 2*x - 16. Let t = 14 + 23. What is the remainder when t is divided by x?
11
Let x = -85 + 116. Calculate the remainder when x is divided by 9.
4
Suppose 0 = -3*k + k - 32. What is the remainder when 8 is divided by k/72 + 47/9?
3
Suppose 3*s + l = 14, -2*s + 3*l = -6*s + 27. What is the remainder when (-2)/1 - (-45 - s) is divided by 12?
10
Suppose 3*y + 0*y + 4*q = 41, 4*q = 4*y - 92. Let h(t) = 0*t - 2 + 0*t - 3*t. Calculate the remainder when y is divided by h(-4).
9
Let p be (-16)/(-12)*(-5 - -2). Let d = -2 - p. Calculate the remainder when d is divided by 1.
0
Let w(j) = -j**3 - 7*j**2 - 4*j - 2. Calculate the remainder when w(-7) is divided by 14.
12
Suppose -10 = -4*o + 6. Suppose o*g = 3*j + 16 + 11, 0 = -5*g - 4*j - 5. Suppose -70 = g*b - 8*b. Calculate the remainder when 26 is divided by b.
12
Suppose n - 12 = -3. Let x(g) = g**2 - 4*g + 2. Let f be x(4). Suppose 11 = -h - 4*y, f*h + 0*y - 14 = y. What is the remainder when n is divided by h?
4
Suppose -2*g = u - 13, -3*u + 4 = -g - 0*u. Let c = -25 - -44. What is the remainder when c is divided by g?
4
Suppose 5*y - 9 = 106. What is the remainder when 160 is divided by y?
22
Suppose -3*c = -7*c. Let p = c + 0. Suppose 4*x - 9 - 47 = p. Calculate the remainder when 41 is divided by x.
13
What is the remainder when ((-145)/(-2))/((-4)/(-8)) is divided by 37?
34
Let t be (-18)/4*48/(-9). Let c = 43 - t. Calculate the remainder when c is divided by 4*-1*14/(-8).
5
Suppose -2*l - 2*d + 8 = -d, -2 = -2*l + 2*d. Let q = -16 - -8. Let v = 13 + q. Calculate the remainder when v is divided by l.
2
Suppose 2*t + 0*t = 0. Calculate the remainder when (2 - (-62 + -1)) + t is divided by 17.
14
What is the remainder when 37 is divided by (-49)/(-4) - 15/(-20)?
11
Suppose 5*w = 5*j + 50, 0 = j - 0*j - 5. What is the remainder when w is divided by 4?
3
Let w(u) = -u**3 + 8*u**2 - 5*u + 18. Calculate the remainder when w(6) is divided by 13.
8
Suppose 5*u + 5*k = 9*u + 3, -k = -3. Calculate the remainder when 9 is divided by u.
0
Suppose c + 2*c - 3*s = 15, 0 = -2*c + 5*s - 2. Suppose -2*f - 3*v + 3 = 4, -2*v = 3*f - 6. Calculate the remainder when c is divided by f.
1
Suppose 1 = -2*o + 7. Suppose -o*f + 76 = f. Let g(b) = b**2 + 3*b - 4. Calculate the remainder when g(5) is divided by f.
17
Let c = -16 - -36. Calculate the remainder when c is divided by (11/(-4))/((-1)/4).
9
Suppose q = 8 + 2. What is the remainder when 36 is divided by q?
6
Suppose 2*l - 7 = -1. Let q = 5 - l. Suppose 4*j - 10 = -q*w - j, 5*j + 65 = 3*w. What is the remainder when 43 is divided by w?
13
Let u(h) = 3*h + 2. Calculate the remainder when 41 is divided by u(3).
8
Let o = -5 + 9. Suppose -o*r = 0, 6*r - 18 = -3*t + 2*r. Calculate the remainder when 4/6*(-1 + 16) is divided by t.
4
Calculate the remainder when 9 is divided by (10/25)/(1/15).
3
Let f(x) = x**2 + x**2 + 3*x**2. Let a(i) = 4*i**2 - i + 1. Let q(l) = 6*a(l) - 5*f(l). Calculate the remainder when 11 is divided by q(-6).
5
Let q = -108 - -112. Let o(w) = 2*w + 3. What is the remainder when o(3) is divided by q?
1
Let u = 87 + -40. Calculate the remainder when u is divided by 24.
23
Let n(y) = 9*y**3 - y**2 - y + 1. Let j(t) = 6*t**2 - 1. Let m = 4 + -2. Calculate the remainder when j(m) is divided by n(1).
7
Suppose 4*d - u + 19 = 79, 4*u = 0. What is the remainder when 2/2 - (1 + -27) is divided by d?
12
Suppose -17 = 5*q + 4*f, 2*q - 3*f + 6*f = -11. Let x = 3 + q. Suppose -c - x*c = -4*k - 61, 0 = -4*k - 4. Calculate the remainder when c is divided by 10.
9
Suppose -5*j - 3*f + 6*f = -62, -32 = -2*j + 3*f. Suppose k - 13 - j = -t, t + 4*k = 11. Let i = 3 - -11. Calculate the remainder when t is divided by i.
13
Let g = 33 + -25. What is the remainder when (-4 + 0)/(4/(-22)) is divided by g?
6
Suppose 4*j = c - 67, 4*c - 2*j - 161 - 65 = 0. Calculate the remainder when c is divided by 10.
5
Let m = 24 - 12. Let x = 18 - m. What is the remainder when 10 is divided by x?
4
Let m = -56 - -94. What is the remainder when m is divided by 13?
12
Let b(a) = a**2 - 9*a + 8. Let i be 1/6*3*2. Calculate the remainder when ((-2)/(-4))/(i/46) is divided by b(9).
7
Let q(r) = 2*r**2 - 4*r + 4. Let h(d) = 4*d - 11. Calculate the remainder when h(10) is divided by q(3).
9
Let a(u) = -2*u + 19. Calculate the remainder when a(-10) is divided by 14.
11
Let n be 5/(-1)*4/5. Let w(q) = -q**2 - 5*q. Let o be w(n). Suppose -24 = o*z - 236. What is the remainder when z is divided by 18?
17
Suppose 5*z + 69 = -2*m, -4*m - 4 + 16 = 0. Let g be (32/10)/((-3)/z). Suppose r - 3 = -0, -x - 5*r = -g. Calculate the remainder when x is divided by 1.
0
Suppose -3*m + 7 + 20 = 0. What is the remainder when 22 is divided by m?
4
Let y = -10 + 17. Suppose -4*t = -3*w + 29, 13 = -5*t - 12. Suppose -2*d + 10 = w*a - 13, -4*a = 4*d - 36. What is the remainder when y is divided by a?
2
Let j(u) = -u**2 - 18*u + 44. Wha